[INFO] fetching crate usbw 0.0.2...
[INFO] checking usbw-0.0.2 against master#e6e4f7ed1589e03bc2f6c5931c1a72e7947e8682 for beta-170-4
[INFO] extracting crate usbw 0.0.2 into /workspace/builds/worker-5-tc2/source
[INFO] validating manifest of crates.io crate usbw 0.0.2 on toolchain e6e4f7ed1589e03bc2f6c5931c1a72e7947e8682
[INFO] running `Command { std: CARGO_HOME="/workspace/cargo-home" RUSTUP_HOME="/workspace/rustup-home" "/workspace/cargo-home/bin/cargo" "+e6e4f7ed1589e03bc2f6c5931c1a72e7947e8682" "metadata" "--manifest-path" "Cargo.toml" "--no-deps", kill_on_drop: false }`
[INFO] started tweaking crates.io crate usbw 0.0.2
[INFO] finished tweaking crates.io crate usbw 0.0.2
[INFO] tweaked toml for crates.io crate usbw 0.0.2 written to /workspace/builds/worker-5-tc2/source/Cargo.toml
[INFO] crate crates.io crate usbw 0.0.2 already has a lockfile, it will not be regenerated
[INFO] running `Command { std: CARGO_HOME="/workspace/cargo-home" RUSTUP_HOME="/workspace/rustup-home" "/workspace/cargo-home/bin/cargo" "+e6e4f7ed1589e03bc2f6c5931c1a72e7947e8682" "fetch" "--manifest-path" "Cargo.toml", kill_on_drop: false }`
[INFO] running `Command { std: "docker" "create" "-v" "/var/lib/crater-agent-workspace/builds/worker-5-tc2/target:/opt/rustwide/target:rw,Z" "-v" "/var/lib/crater-agent-workspace/builds/worker-5-tc2/source:/opt/rustwide/workdir:ro,Z" "-v" "/var/lib/crater-agent-workspace/cargo-home:/opt/rustwide/cargo-home:ro,Z" "-v" "/var/lib/crater-agent-workspace/rustup-home:/opt/rustwide/rustup-home:ro,Z" "-e" "SOURCE_DIR=/opt/rustwide/workdir" "-e" "CARGO_TARGET_DIR=/opt/rustwide/target" "-e" "CARGO_HOME=/opt/rustwide/cargo-home" "-e" "RUSTUP_HOME=/opt/rustwide/rustup-home" "-w" "/opt/rustwide/workdir" "-m" "1610612736" "--user" "0:0" "--network" "none" "ghcr.io/rust-lang/crates-build-env/linux@sha256:19e73879b68f455e41552ea35293514db52ea292d993f571636dbffedb77a1ee" "/opt/rustwide/cargo-home/bin/cargo" "+e6e4f7ed1589e03bc2f6c5931c1a72e7947e8682" "metadata" "--no-deps" "--format-version=1", kill_on_drop: false }`
[INFO] [stdout] 94c79d3035ef09df46300f88da675a7cb1ee0aa8dd06e9b01a54a419deb967ad
[INFO] running `Command { std: "docker" "start" "-a" "94c79d3035ef09df46300f88da675a7cb1ee0aa8dd06e9b01a54a419deb967ad", kill_on_drop: false }`
[INFO] running `Command { std: "docker" "inspect" "94c79d3035ef09df46300f88da675a7cb1ee0aa8dd06e9b01a54a419deb967ad", kill_on_drop: false }`
[INFO] running `Command { std: "docker" "rm" "-f" "94c79d3035ef09df46300f88da675a7cb1ee0aa8dd06e9b01a54a419deb967ad", kill_on_drop: false }`
[INFO] [stdout] 94c79d3035ef09df46300f88da675a7cb1ee0aa8dd06e9b01a54a419deb967ad
[INFO] running `Command { std: "docker" "create" "-v" "/var/lib/crater-agent-workspace/builds/worker-5-tc2/target:/opt/rustwide/target:rw,Z" "-v" "/var/lib/crater-agent-workspace/builds/worker-5-tc2/source:/opt/rustwide/workdir:ro,Z" "-v" "/var/lib/crater-agent-workspace/cargo-home:/opt/rustwide/cargo-home:ro,Z" "-v" "/var/lib/crater-agent-workspace/rustup-home:/opt/rustwide/rustup-home:ro,Z" "-e" "SOURCE_DIR=/opt/rustwide/workdir" "-e" "CARGO_TARGET_DIR=/opt/rustwide/target" "-e" "CARGO_INCREMENTAL=0" "-e" "RUST_BACKTRACE=full" "-e" "RUSTFLAGS=--cap-lints=forbid" "-e" "RUSTDOCFLAGS=--cap-lints=forbid" "-e" "CARGO_HOME=/opt/rustwide/cargo-home" "-e" "RUSTUP_HOME=/opt/rustwide/rustup-home" "-w" "/opt/rustwide/workdir" "-m" "1610612736" "--user" "0:0" "--network" "none" "ghcr.io/rust-lang/crates-build-env/linux@sha256:19e73879b68f455e41552ea35293514db52ea292d993f571636dbffedb77a1ee" "/opt/rustwide/cargo-home/bin/cargo" "+e6e4f7ed1589e03bc2f6c5931c1a72e7947e8682" "check" "--frozen" "--all" "--all-targets" "--message-format=json", kill_on_drop: false }`
[INFO] [stdout] 3d5042ab7329155fb898ee2b04256ad0b4644d540ae81d36b86a51664e825c63
[INFO] running `Command { std: "docker" "start" "-a" "3d5042ab7329155fb898ee2b04256ad0b4644d540ae81d36b86a51664e825c63", kill_on_drop: false }`
[INFO] [stderr]     Blocking waiting for file lock on package cache
[INFO] [stderr]    Compiling cfg-if v0.1.10
[INFO] [stderr]    Compiling libc v0.2.71
[INFO] [stderr]    Compiling syn v1.0.33
[INFO] [stderr]    Compiling adler32 v1.1.0
[INFO] [stderr]    Compiling take_mut v0.2.2
[INFO] [stderr]    Compiling autocfg v1.0.1
[INFO] [stderr]    Compiling rle-decode-fast v1.0.1
[INFO] [stderr]    Compiling cc v1.0.54
[INFO] [stderr]    Compiling pkg-config v0.3.17
[INFO] [stderr]    Compiling proc-macro2 v1.0.18
[INFO] [stderr]    Compiling crc32fast v1.2.0
[INFO] [stderr]     Checking futures-io v0.3.5
[INFO] [stderr]     Checking futures-sink v0.3.5
[INFO] [stderr]    Compiling libflate v0.1.27
[INFO] [stderr]    Compiling tokio v0.3.3
[INFO] [stderr]    Compiling quote v1.0.7
[INFO] [stderr]    Compiling filetime v0.2.10
[INFO] [stderr]    Compiling xattr v0.2.2
[INFO] [stderr]    Compiling tar v0.4.29
[INFO] [stderr]    Compiling libusb1-sys v0.3.7
[INFO] [stderr]    Compiling pin-project-internal v0.4.22
[INFO] [stderr]     Checking pin-project v0.4.22
[INFO] [stderr]     Checking futures-util v0.3.5
[INFO] [stderr]     Checking driver_async v0.0.3
[INFO] [stderr]     Checking usbw v0.0.2 (/opt/rustwide/workdir)
[INFO] [stdout] error[E0308]: mismatched types
[INFO] [stdout]   --> src/libusb/context.rs:65:21
[INFO] [stdout]    |
[INFO] [stdout] 65 |             tv_sec: timeout.as_secs() as i32,
[INFO] [stdout]    |                     ^^^^^^^^^^^^^^^^^^^^^^^^ expected `i64`, found `i32`
[INFO] [stdout] 
[INFO] [stdout] 
[INFO] [stdout] error[E0308]: mismatched types
[INFO] [stdout]   --> src/libusb/context.rs:65:21
[INFO] [stdout]    |
[INFO] [stdout] 65 |             tv_sec: timeout.as_secs() as i32,
[INFO] [stdout]    |                     ^^^^^^^^^^^^^^^^^^^^^^^^ expected `i64`, found `i32`
[INFO] [stdout] 
[INFO] [stdout] 
[INFO] [stdout] error[E0308]: mismatched types
[INFO] [stdout]   --> src/libusb/context.rs:66:22
[INFO] [stdout]    |
[INFO] [stdout] 66 |             tv_usec: timeout.subsec_micros() as i32,
[INFO] [stdout]    |                      ^^^^^^^^^^^^^^^^^^^^^^^^^^^^^^ expected `i64`, found `i32`
[INFO] [stdout] 
[INFO] [stdout] 
[INFO] [stdout] error[E0308]: mismatched types
[INFO] [stdout]   --> src/libusb/context.rs:66:22
[INFO] [stdout]    |
[INFO] [stdout] 66 |             tv_usec: timeout.subsec_micros() as i32,
[INFO] [stdout]    |                      ^^^^^^^^^^^^^^^^^^^^^^^^^^^^^^ expected `i64`, found `i32`
[INFO] [stdout] 
[INFO] [stdout] 
[INFO] [stdout] error: aborting due to 2 previous errors
[INFO] [stdout] 
[INFO] [stdout] 
[INFO] [stdout] For more information about this error, try `rustc --explain E0308`.
[INFO] [stdout] 
[INFO] [stdout] error: aborting due to 2 previous errors
[INFO] [stdout] 
[INFO] [stdout] 
[INFO] [stdout] For more information about this error, try `rustc --explain E0308`.
[INFO] [stdout] 
[INFO] [stderr] error: could not compile `usbw` (lib test) due to 3 previous errors
[INFO] [stderr] warning: build failed, waiting for other jobs to finish...
[INFO] [stderr] error: could not compile `usbw` (lib) due to 3 previous errors
[INFO] running `Command { std: "docker" "inspect" "3d5042ab7329155fb898ee2b04256ad0b4644d540ae81d36b86a51664e825c63", kill_on_drop: false }`
[INFO] running `Command { std: "docker" "rm" "-f" "3d5042ab7329155fb898ee2b04256ad0b4644d540ae81d36b86a51664e825c63", kill_on_drop: false }`
[INFO] [stdout] 3d5042ab7329155fb898ee2b04256ad0b4644d540ae81d36b86a51664e825c63
